 = 0, 0 = -4*h + 4*f + 2372. What are the prime factors of h?
19, 31
Suppose 2*x + 531 = 1719. Let w = x + -353. List the prime factors of w.
241
Let a = 3721 + 4661. What are the prime factors of a?
2, 3, 11, 127
Suppose -5*c + 4*c = -5*m + 10, 4*c - m = 17. Suppose -c*g - 3*g + 816 = 0. Let f = 155 - g. What are the prime factors of f?
53
Let p(g) = g**2 - 4*g + 6. Suppose -60 - 290 = 5*h. Let y = 65 + h. What are the prime factors of p(y)?
3, 17
Let s(z) = 22*z - 33. Let o be s(2). List the prime factors of -26*o*(-4 - -3).
2, 11, 13
Let u = 12195 - 5088. List the prime factors of u.
3, 23, 103
Let q(x) be the third derivative of 7*x**5/3 + x**4/3 + x**3 + 24*x**2 - 4. What are the prime factors of q(-2)?
2, 5, 11
Suppose -3*k = -n + 184, -2*k - 68 = -5*n + 891. Let h = n + -92. List the prime factors of h.
101
Suppose -3*a + 3*u = -1110, -a - u + 380 = 3*u. Let q = a - 63. What are the prime factors of q?
3, 103
Suppose 4*h - 605 = 2487. Let l = h - 301. List the prime factors of l.
2, 59
Let d(u) = u**2 - 2*u - 26. Suppose -2*w = -2*r + 38, 2*r - 4*w = -r + 61. Let y be r/(-3) + (-2 - 2). What are the prime factors of d(y)?
73
Let x = 77 + -77. Suppose 0 = 4*n + 5*g - 1234, 4*n + x*g + 2*g = 1228. Suppose -7*o + 5*o + n = 0. List the prime factors of o.
3, 17
Let i be (-4 - -1) + (-83 - 0). Let w = i + 84. Let v(r) = 40*r**2 - 4*r - 8. List the prime factors of v(w).
2, 5
Let h(u) = 15922*u - 740. What are the prime factors of h(3)?
2, 7, 3359
Suppose -364963 = -49*c - 190605 + 368415. What are the prime factors of c?
11, 19, 53
Let n(c) = -c**2 + 22690. Let j be n(0). Suppose -35*l + j = 3510. List the prime factors of l.
2, 137
Let b(l) = 24694*l - 5383. What are the prime factors of b(3)?
68699
Suppose -5*f - 2*g = -42073, -3*f + 43*g = 40*g - 25248. What are the prime factors of f?
3, 5, 11, 17
Let m be -1 + (-5)/(-7) - 632/(-56). Suppose -m*r + 0*r = -4895. List the prime factors of r.
5, 89
Let d be (30/8)/((-15)/40). Let y be 1 - -2 - -6*(-4)/6. List the prime factors of (-472)/d + y/5.
47
Let s = 193 - 193. Suppose s = -3*n - 12, n - 449 - 867 = -2*x. What are the prime factors of x?
2, 3, 5, 11
Let g = -3535 - -9710. Suppose -410*k + g = -405*k. What are the prime factors of k?
5, 13, 19
Let b = -34 + 34. Suppose -j + b + 2 = 0. Suppose -j*g + 69 = -113. List the prime factors of g.
7, 13
Let o(y) = 67*y**3 - 84*y**2 + 2*y - 18. What are the prime factors of o(6)?
2, 3, 1907
Let y = 7 - 2. Suppose 261 = y*z - 144. List the prime factors of z.
3
Let w(q) = -q**3 - 2*q**2 + 8*q + 384. Let n be w(0). Let c = n - -237. List the prime factors of c.
3, 23
Let a(y) = y**2 - 31*y + 1132. List the prime factors of a(-89).
2, 2953
Suppose -7*l + 53*l - 26358 = 0. Let o = l - -109. What are the prime factors of o?
2, 11, 31
Let v(g) = 3*g**2 + 12*g - 27. Suppose 3*p = -2*x - 2*x + 21, 31 = 5*x - p. List the prime factors of v(x).
3, 17
Let n(o) = -15*o**3 - 2*o**2 - 2*o - 1. Let j be n(-1). Suppose 19*k - j*k - 35 = 0. Suppose v = -k*v + 632. What are the prime factors of v?
79
Let v(s) = -s**2 - s - 1. Let f(g) = -3*g**2 - 14*g - 28. Suppose k - 10 = -6. Let y(n) = k*v(n) - f(n). List the prime factors of y(10).
2, 3
Let k = -17 + 19. Suppose -2*g + k*s = -12, 0 = -g - 2*s - 1 - 5. Let v = 12 - g. What are the prime factors of v?
2, 5
Let b be ((-1)/3)/(6 + 440/(-72)). Suppose 18*u - 15315 = b*u. What are the prime factors of u?
1021
Let f(d) = 4539*d + 93. List the prime factors of f(1).
2, 3, 193
Let a = -482 - -730. Let l = 626 + a. What are the prime factors of l?
2, 19, 23
Let u(g) = 13*g**2 - 6*g + 5. Let n be u(3). Suppose -2128 = -n*o + 97*o. What are the prime factors of o?
2, 19
Let v(t) = 204*t**2 + 6*t - 1. Let p(c) = 408*c**2 + 14*c - 1. Let m(j) = -6*p(j) + 13*v(j). What are the prime factors of m(-1)?
7, 29
Suppose -l + 4072 = 2*k, 9*k - 6129 = 6*k - 5*l. What are the prime factors of k?
19, 107
Let n(r) = -8047*r - 1097. What are the prime factors of n(-6)?
5, 9437
Let p = -4097 - -15445. What are the prime factors of p?
2, 2837
Suppose 2*o + 89 = 5*m, 4*m = o - m + 57. What are the prime factors of 5180/25 - o/40?
2, 13
Let u(d) = -9*d. Let k be u(2). Let q be (-2 - k)*(6 - 22). List the prime factors of 4/(-14) + q/(-14).
2, 3
Let c(r) = -9 + 7*r + 24 - 5 + 36 + 105*r. List the prime factors of c(1).
2, 79
Let n(m) = 20*m + 4. Let x(d) = 4*d + 1. Let p(h) = 5*n(h) - 24*x(h). Let g be 3*(1 - 0) + 85/5. List the prime factors of p(g).
2, 19
Let t = 18317 - 9661. What are the prime factors of t?
2, 541
Let i(k) = 2*k**3 + 22*k**2 - 23*k + 810. What are the prime factors of i(17)?
16603
Suppose 13*l = l + 334944. List the prime factors of l.
2, 3, 1163
Suppose 0 = 74*w + 302*w - 10055368. List the prime factors of w.
47, 569
Let y(g) = -2*g**2 - 24*g + 57. Let o be y(2). Let a(t) be the first derivative of 74*t**2 + 4*t - 1. What are the prime factors of a(o)?
2, 19
Suppose 0*t + 9*t = 5265. Suppose 0 = 5*p - 3*w - 1936, -977 = -4*p - 2*w + t. List the prime factors of p.
389
Let c(l) be the first derivative of -1/4*l**4 - 22/3*l**3 + 8*l**2 - 38*l + 22. List the prime factors of c(-23).
3, 41
Let n(r) = r**3 - 16*r**2 - 20*r - 26. Suppose 0 = -0*k + 4*k - 68. Let a be n(k). List the prime factors of (-9 - -7)*(a - 2).
2, 79
Let i(r) = 2728*r**2 + 199*r - 585. What are the prime factors of i(3)?
2, 3, 23, 89
Let m = 11 + -7. Suppose -3*z + m*k = 274, 4*z - k + 181 = 2*z. List the prime factors of (-3 - 0)/(9/z).
2, 3, 5
Let z(k) = -30*k + 683. List the prime factors of z(-52).
2243
What are the prime factors of ((-115)/(-125) + (-8)/(-100))/((-3)/(-205212))?
2, 7, 349
Let t = -60862 - -115465. What are the prime factors of t?
3, 6067
Suppose 0 = 53*m - 89*m - 0*m + 704088. What are the prime factors of m?
2, 7, 11, 127
Suppose -24*w = -43*w + 16644. Let u = w - 468. What are the prime factors of u?
2, 3, 17
Let v = 29226 - 7285. What are the prime factors of v?
37, 593
Let u(z) = -2*z**2 + 28*z + 36. Let c be u(15). Suppose -c*a + 4810 = -578. What are the prime factors of a?
2, 449
Let s(v) = 4*v + 28. Let j be s(-14). Let g = j - -32. Suppose 4*k = -g*f - 0*k + 112, 0 = -4*f - 5*k + 111. List the prime factors of f.
29
Suppose 3598 - 223 = 9*l. Suppose -l = -3*f + 4*x, 2*x - 214 - 437 = -5*f. What are the prime factors of f?
3, 43
Suppose -4*y - 914 = -3*n, 4*n + 900 = -4*y - 0. Let r = y + 376. What are the prime factors of r?
149
Suppose 2*b - 24 = -3*b + 4*j, 5*b + j - 44 = 0. Let i be -12 + b - (-82 - 0). Suppose 37*h = 38*h - i. List the prime factors of h.
2, 3, 13
List the prime factors of (21737 + 13)*2*7/35.
2, 3, 5, 29
Suppose -w - 3*d + 10198 = -5091, 0 = 2*w - 11*d - 30578. List the prime factors of w.
15289
Let c be 8 + -2 + -4 + 0. Suppose 2*i + 897 = 2*d - d, 1803 = c*d - i. Let u = d - 608. List the prime factors of u.
5, 59
Suppose -5*s = -25418 - 27102. Suppose -4*i = 3*a + 4377 - s, 0 = 4*i + 5*a - 6129. List the prime factors of i.
1531
Let j = -560 - -555. Let v(c) = -4*c**2 - 17*c - 1. Let p(o) = -2*o**2 - 8*o. Let a(h) = -7*p(h) + 3*v(h). What are the prime factors of a(j)?
2, 11
Suppose 0 = 4*u - a - 25, 5*u - 2*a - 33 = -1. Suppose u*m = 6667 + 2501. List the prime factors of m.
2, 191
Let w(z) be the second derivative of -z**5/20 - 7*z**4/3 - 41*z**3/6 - 12*z**2 - 18*z. Let y be w(-18). What are the prime factors of 11/88 - y/16?
2, 79
Let p = -538 - -532. List the prime factors of p - 35/21*-411.
7, 97
Let s(j) = 210*j + 504. What are the prime factors of s(114)?
2, 3, 7, 97
Suppose -5*p + 8 + 2 = 0. Suppose q - p*q = -5. What are the prime factors of ((-355)/(-1))/q - 2?
3, 23
Let z = 761 - 487. Suppose 5*v = -a + 70 + 82, -2*a - 4*v = -z. What are the prime factors of a?
127
What are the prime factors of 7/168*-12*-1238?
619
Suppose 0 = 65*t - 59*t - 42. Suppose -16*s = -t*s - 6498. List the prime factors of s.
2, 19
Let m = 5644 - 1984. Suppose -5*b + 0*b + 5*f = -m, -2*b = 3*f - 1474. What are the prime factors of b?
2, 367
Suppose -13*t + 142073 - 9746 = 0. What are the prime factors of t?
3, 13, 29
Let r be (16 + -28)*12/(-9). Suppose -r*l + 13*l = -1335. List the prime factors of l.
5, 89
Let y(l) = l**2 + 7*l - 39. Let t be y(4). Let r be -8 + (2 - -2) + -2. List the prime factors of 